{"id":94,"date":"2024-01-16T17:54:52","date_gmt":"2024-01-16T16:54:52","guid":{"rendered":"https:\/\/almafreymulller-shiatsu.fr\/?page_id=94"},"modified":"2026-03-18T07:18:50","modified_gmt":"2026-03-18T06:18:50","slug":"le-shiatsu-et-alzheimer","status":"publish","type":"page","link":"https:\/\/almafreymulller-shiatsu.fr\/index.php\/le-shiatsu-et\/le-shiatsu-et-alzheimer\/","title":{"rendered":"Le Shiatsu, Alzheimer et Parkinson"},"content":{"rendered":"\n<figure class=\"wp-block-image aligncenter size-large is-resized\"><img loading=\"lazy\" decoding=\"async\" width=\"1024\" height=\"683\" src=\"http:\/\/almafreymulller-shiatsu.fr\/wp-content\/uploads\/2024\/01\/IMG_3636-1024x683.jpg\" alt=\"\" class=\"wp-image-95\" style=\"width:549px;height:auto\" srcset=\"https:\/\/almafreymulller-shiatsu.fr\/wp-content\/uploads\/2024\/01\/IMG_3636-1024x683.jpg 1024w, https:\/\/almafreymulller-shiatsu.fr\/wp-content\/uploads\/2024\/01\/IMG_3636-300x200.jpg 300w, https:\/\/almafreymulller-shiatsu.fr\/wp-content\/uploads\/2024\/01\/IMG_3636-768x512.jpg 768w, https:\/\/almafreymulller-shiatsu.fr\/wp-content\/uploads\/2024\/01\/IMG_3636-1536x1024.jpg 1536w, https:\/\/almafreymulller-shiatsu.fr\/wp-content\/uploads\/2024\/01\/IMG_3636-2048x1365.jpg 2048w\" sizes=\"auto, (max-width: 1024px) 100vw, 1024px\" \/><\/figure>\n\n\n\n<p class=\"has-background\" style=\"background-color:#b2d5c7ed\">Les personnes du troisi\u00e8me \u00e2ge, encore plus lorsqu\u2019elles sont malades, souffrent tr\u00e8s souvent de d\u00e9pression et de solitude. Le Shiatsu permet \u00e0 ces personnes d\u2019\u00eatre \u00e0 nouveau touch\u00e9es et d&#8217;obtenir un soutien \u00e9motionnel non verbal, ainsi qu&#8217;apporter un confort au niveau digestif, musculaire, nerveux, du sommeil et de diminuer les exc\u00e8s de violence, etc.<\/p>\n\n\n\n<p class=\"has-background\" style=\"background-color:#9cbbaeed\">Dans certains cas, il permet m\u00eame que certaines capacit\u00e9s reviennent comme quelques rudiments du langage. Si cela vous int\u00e9resse je vous invite \u00e0 aller \u00e9couter cette courte vid\u00e9o :  T\u00e9moignage d&#8217;un praticien en Shiatsu, sp\u00e9cialiste sur les d\u00e9mences s\u00e9niles <br><a href=\"https:\/\/youtu.be\/r0svdG7uiSE?feature=shared\">https:\/\/youtu.be\/r0svdG7uiSE?feature=shared<\/a><\/p>\n\n\n\n<div class=\"wp-block-buttons is-content-justification-center is-layout-flex wp-container-core-buttons-is-layout-a89b3969 wp-block-buttons-is-layout-flex\">\n<div class=\"wp-block-button is-style-fill\"><a class=\"wp-block-button__link has-luminous-vivid-amber-background-color has-background wp-element-button\" href=\"https:\/\/almafreymulller-shiatsu.fr\/index.php\/duree-des-seances-et-tarifs\/\" style=\"border-style:none;border-width:0px;border-top-left-radius:0px;border-top-right-radius:0px;border-bottom-left-radius:0px;border-bottom-right-radius:0px\">Prendre RDV<\/a><\/div>\n<\/div>\n\n\n\n<p><em>Quelques \u00e9tudes :<\/em><\/p>\n\n\n\n<ul style=\"background-color:#d1d1d1\" class=\"wp-block-list has-background\">\n<li><em>\u00c9valuer les effets du Shiatsu : r\u00e9flexion \u00e0 propos d&#8217;une \u00e9tude sur les troubles du comportement sur des r\u00e9sident vivant en EHPAD atteints de la maladie l\u2019alzheimer ; Sylvaine Bertrand<\/em><\/li>\n\n\n\n<li><em>Shiatsu as an adjuvant therapy for depression in patients with Alzheimer\u2019s disease: A pilot study, Giuseppe Lanza ; Stella Silvia Centonze ; GeraDestro ; Veronica Vella ; Maria Bellomo ; Manuela Pennisi ; Rita Bella ; Domenico Ciavardelli<\/em><\/li>\n<\/ul>\n\n\n\n<p>* Mes interventions sont d\u00e9di\u00e9es au shiatsu et n&#8217;ont pas pour objectif de se suppl\u00e9er au suivi m\u00e9dical et para m\u00e9dical.<\/p>\n\n\n\n<p>En effet, les prestations propos\u00e9es n&#8217;incluent aucun diagnostic m\u00e9dical ni aucun traitement de maladie.<\/p>\n\n\n\n<p>L&#8217;objectif du shiatsu\u00a0 a pour seul objectif d&#8217;optimiser le capital vitalit\u00e9, le bien \u00eatre, le confort et la qualit\u00e9 de vie des personnes qui s&#8217;adressent \u00e0 moi. Il est bien \u00e9vident qu&#8217;en aucun cas, les personnes ne doivent se couper du monde m\u00e9dical et para m\u00e9dical ni arr\u00eater leurs traitements.<\/p>\n","protected":false},"excerpt":{"rendered":"<p>Les personnes du troisi\u00e8me \u00e2ge, encore plus lorsqu\u2019elles sont malades, souffrent tr\u00e8s souvent de d\u00e9pression et de solitude. Le Shiatsu permet \u00e0 ces personnes d\u2019\u00eatre \u00e0 nouveau touch\u00e9es et d&#8217;obtenir un soutien \u00e9motionnel non verbal, ainsi qu&#8217;apporter un confort au niveau digestif, musculaire, nerveux, du sommeil et de diminuer les exc\u00e8s de violence, etc. Dans [&hellip;]<\/p>\n","protected":false},"author":1,"featured_media":0,"parent":181,"menu_order":0,"comment_status":"closed","ping_status":"closed","template":"","meta":{"footnotes":""},"class_list":["post-94","page","type-page","status-publish","hentry"],"jetpack_sharing_enabled":true,"_links":{"self":[{"href":"https:\/\/almafreymulller-shiatsu.fr\/index.php\/wp-json\/wp\/v2\/pages\/94","targetHints":{"allow":["GET"]}}],"collection":[{"href":"https:\/\/almafreymulller-shiatsu.fr\/index.php\/wp-json\/wp\/v2\/pages"}],"about":[{"href":"https:\/\/almafreymulller-shiatsu.fr\/index.php\/wp-json\/wp\/v2\/types\/page"}],"author":[{"embeddable":true,"href":"https:\/\/almafreymulller-shiatsu.fr\/index.php\/wp-json\/wp\/v2\/users\/1"}],"replies":[{"embeddable":true,"href":"https:\/\/almafreymulller-shiatsu.fr\/index.php\/wp-json\/wp\/v2\/comments?post=94"}],"version-history":[{"count":11,"href":"https:\/\/almafreymulller-shiatsu.fr\/index.php\/wp-json\/wp\/v2\/pages\/94\/revisions"}],"predecessor-version":[{"id":707,"href":"https:\/\/almafreymulller-shiatsu.fr\/index.php\/wp-json\/wp\/v2\/pages\/94\/revisions\/707"}],"up":[{"embeddable":true,"href":"https:\/\/almafreymulller-shiatsu.fr\/index.php\/wp-json\/wp\/v2\/pages\/181"}],"wp:attachment":[{"href":"https:\/\/almafreymulller-shiatsu.fr\/index.php\/wp-json\/wp\/v2\/media?parent=94"}],"curies":[{"name":"wp","href":"https:\/\/api.w.org\/{rel}","templated":true}]}}