{"id":641,"date":"2026-03-17T11:14:11","date_gmt":"2026-03-17T10:14:11","guid":{"rendered":"https:\/\/almafreymulller-shiatsu.fr\/?page_id=641"},"modified":"2026-03-17T16:23:34","modified_gmt":"2026-03-17T15:23:34","slug":"shiatsu-et-cycles-menstruels","status":"publish","type":"page","link":"https:\/\/almafreymulller-shiatsu.fr\/index.php\/shiatsu-et-cycles-menstruels\/","title":{"rendered":"Shiatsu et cycles menstruels"},"content":{"rendered":"\n<figure class=\"wp-block-image size-large\"><img loading=\"lazy\" decoding=\"async\" width=\"1024\" height=\"683\" src=\"http:\/\/almafreymulller-shiatsu.fr\/wp-content\/uploads\/2024\/02\/IMG_3746-1024x683.jpg\" alt=\"\" class=\"wp-image-538\" srcset=\"https:\/\/almafreymulller-shiatsu.fr\/wp-content\/uploads\/2024\/02\/IMG_3746-1024x683.jpg 1024w, https:\/\/almafreymulller-shiatsu.fr\/wp-content\/uploads\/2024\/02\/IMG_3746-300x200.jpg 300w, https:\/\/almafreymulller-shiatsu.fr\/wp-content\/uploads\/2024\/02\/IMG_3746-768x512.jpg 768w, https:\/\/almafreymulller-shiatsu.fr\/wp-content\/uploads\/2024\/02\/IMG_3746-1536x1024.jpg 1536w, https:\/\/almafreymulller-shiatsu.fr\/wp-content\/uploads\/2024\/02\/IMG_3746-2048x1365.jpg 2048w\" sizes=\"auto, (max-width: 1024px) 100vw, 1024px\" \/><\/figure>\n\n\n\n<p class=\"has-background\" style=\"background-color:#9cbbaeed\">Un shiatsu sp\u00e9cifique pour les d\u00e9s\u00e9quilibres des cycles menstruels. En agissant localement par des points d&#8217;acupression et de mobilisations douces,&nbsp;le Shiatsu peut apporter du confort pendant les r\u00e8gles, en r\u00e9duisant notament les douleurs (allant du syndrome pr\u00e9menstruel \u00e0 l&#8217;endometriose).<\/p>\n\n\n\n<div class=\"wp-block-buttons is-content-justification-center is-layout-flex wp-container-core-buttons-is-layout-a89b3969 wp-block-buttons-is-layout-flex\">\n<div class=\"wp-block-button is-style-fill\"><a class=\"wp-block-button__link has-luminous-vivid-amber-background-color has-background wp-element-button\" href=\"https:\/\/almafreymulller-shiatsu.fr\/index.php\/duree-des-seances-et-tarifs\/\" style=\"border-top-left-radius:0px;border-top-right-radius:0px;border-bottom-left-radius:0px;border-bottom-right-radius:0px;padding-right:var(--wp--preset--spacing--50);padding-left:var(--wp--preset--spacing--50)\">Prendre RDV<\/a><\/div>\n<\/div>\n\n\n\n<p>* Mes interventions sont d\u00e9di\u00e9es au shiatsu et n&#8217;ont pas pour objectif de se suppl\u00e9er au suivi m\u00e9dical et para m\u00e9dical. En effet, les prestations propos\u00e9es n&#8217;incluent aucun diagnostic m\u00e9dical ni aucun traitement de maladie. L&#8217;objectif du shiatsu a pour seul objectif d&#8217;optimiser le bien \u00eatre, le confort et la qualit\u00e9 de vie des personnes qui s&#8217;adressent \u00e0 moi. Il est bien \u00e9vident qu&#8217;en aucun cas, les personnes ne doivent se couper du monde m\u00e9dical et para m\u00e9dical ni arr\u00eater leurs traitements.<\/p>\n\n\n\n<p><\/p>\n","protected":false},"excerpt":{"rendered":"<p>Un shiatsu sp\u00e9cifique pour les d\u00e9s\u00e9quilibres des cycles menstruels. En agissant localement par des points d&#8217;acupression et de mobilisations douces,&nbsp;le Shiatsu peut apporter du confort pendant les r\u00e8gles, en r\u00e9duisant notament les douleurs (allant du syndrome pr\u00e9menstruel \u00e0 l&#8217;endometriose). * Mes interventions sont d\u00e9di\u00e9es au shiatsu et n&#8217;ont pas pour objectif de se suppl\u00e9er au [&hellip;]<\/p>\n","protected":false},"author":1,"featured_media":0,"parent":0,"menu_order":0,"comment_status":"closed","ping_status":"closed","template":"","meta":{"footnotes":""},"class_list":["post-641","page","type-page","status-publish","hentry"],"jetpack_sharing_enabled":true,"_links":{"self":[{"href":"https:\/\/almafreymulller-shiatsu.fr\/index.php\/wp-json\/wp\/v2\/pages\/641","targetHints":{"allow":["GET"]}}],"collection":[{"href":"https:\/\/almafreymulller-shiatsu.fr\/index.php\/wp-json\/wp\/v2\/pages"}],"about":[{"href":"https:\/\/almafreymulller-shiatsu.fr\/index.php\/wp-json\/wp\/v2\/types\/page"}],"author":[{"embeddable":true,"href":"https:\/\/almafreymulller-shiatsu.fr\/index.php\/wp-json\/wp\/v2\/users\/1"}],"replies":[{"embeddable":true,"href":"https:\/\/almafreymulller-shiatsu.fr\/index.php\/wp-json\/wp\/v2\/comments?post=641"}],"version-history":[{"count":11,"href":"https:\/\/almafreymulller-shiatsu.fr\/index.php\/wp-json\/wp\/v2\/pages\/641\/revisions"}],"predecessor-version":[{"id":706,"href":"https:\/\/almafreymulller-shiatsu.fr\/index.php\/wp-json\/wp\/v2\/pages\/641\/revisions\/706"}],"wp:attachment":[{"href":"https:\/\/almafreymulller-shiatsu.fr\/index.php\/wp-json\/wp\/v2\/media?parent=641"}],"curies":[{"name":"wp","href":"https:\/\/api.w.org\/{rel}","templated":true}]}}