{"id":304,"date":"2024-03-07T15:42:06","date_gmt":"2024-03-07T14:42:06","guid":{"rendered":"https:\/\/almafreymulller-shiatsu.fr\/?page_id=304"},"modified":"2025-06-20T13:45:07","modified_gmt":"2025-06-20T11:45:07","slug":"yoga","status":"publish","type":"page","link":"https:\/\/almafreymulller-shiatsu.fr\/index.php\/ressources\/yoga\/","title":{"rendered":"Mobilit\u00e9\/Yoga"},"content":{"rendered":"\n<p>L&#8217;id\u00e9al pour \u00eatre en bonne sant\u00e9, se sentir bien et bien vieillir, c&#8217;est la mobilit\u00e9. La mobilit\u00e9 implique que l&#8217;on puisse bouger sans restriction, en souplesse et en capacit\u00e9 musculaire. Cela va nous permettre de mieux s&#8217;adapter aux tumultes de la vie (Vie s\u00e9dentaire, travail statique ou physique, grossesse et accouchement, accident, maladie d\u00e9g\u00e9n\u00e9rative, vieillisement). <\/p>\n\n\n\n<p><strong><em>Le meilleur sport, c\u2019est celui qui vous plaira car vous le ferez ! <\/em><\/strong><\/p>\n\n\n\n<p>Personnellement, j\u2019affectionne particulierement le Yoga, l&#8217;animal flow, la calisthenic et les arts martiaux inidiens et chinois que je trouve tr\u00e8s complet (entre renforcement, souplesse et mobilit\u00e9). <\/p>\n\n\n\n<p>Comme toujours je vous encourage \u00e0 vous rapprocher de club, cours de sport pour b\u00e9n\u00e9ficier d\u2019un professeur qui pourra vous guidez dans l\u2019apprentissage et vous corriger. <\/p>\n\n\n\n<p>Je vous met ici quelques vid\u00e9os que je trouve particuli\u00e8rement int\u00e9ressantes \u00e0 faire r\u00e9guli\u00e8rement: <\/p>\n\n\n\n<ul class=\"wp-block-list\">\n<li>Assouplissement des hanches pour pr\u00e9venir\/soulager des douleurs lombaires : <\/li>\n<\/ul>\n\n\n\n<figure class=\"wp-block-embed is-type-video is-provider-youtube wp-block-embed-youtube wp-embed-aspect-4-3 wp-has-aspect-ratio\"><div class=\"wp-block-embed__wrapper\">\n<iframe loading=\"lazy\" title=\"Ido&#039;s Squat Routine 2.0\" width=\"500\" height=\"375\" src=\"https:\/\/www.youtube.com\/embed\/lbozu0DPcYI?feature=oembed\" frameborder=\"0\" allow=\"accelerometer; autoplay; clipboard-write; encrypted-media; gyroscope; picture-in-picture; web-share\" referrerpolicy=\"strict-origin-when-cross-origin\" allowfullscreen><\/iframe>\n<\/div><\/figure>\n\n\n\n<ul class=\"wp-block-list\">\n<li>Travailler la souplesse de sa colonne vert\u00e9brale : <\/li>\n<\/ul>\n\n\n\n<figure class=\"wp-block-embed is-type-video is-provider-youtube wp-block-embed-youtube wp-embed-aspect-16-9 wp-has-aspect-ratio\"><div class=\"wp-block-embed__wrapper\">\n<iframe loading=\"lazy\" title=\"Basic Spinal Wave\" width=\"500\" height=\"281\" src=\"https:\/\/www.youtube.com\/embed\/cmLfiWfyGI0?feature=oembed\" frameborder=\"0\" allow=\"accelerometer; autoplay; clipboard-write; encrypted-media; gyroscope; picture-in-picture; web-share\" referrerpolicy=\"strict-origin-when-cross-origin\" allowfullscreen><\/iframe>\n<\/div><\/figure>\n\n\n\n<ul class=\"wp-block-list\">\n<li>Vid\u00e9o pour d\u00e9couvrir les bases de l&#8217;animal flow (en anglais, mais c&#8217;est assez simple de suivre ses mouvements m\u00eame si vous ne comprenez pas l&#8217;anglais):<\/li>\n<\/ul>\n\n\n\n<figure class=\"wp-block-embed is-type-video is-provider-youtube wp-block-embed-youtube wp-embed-aspect-16-9 wp-has-aspect-ratio\"><div class=\"wp-block-embed__wrapper\">\n<iframe loading=\"lazy\" title=\"Beginner Animal Flow Workout - 20 Minute Bodyweight (Follow Along)\" width=\"500\" height=\"281\" src=\"https:\/\/www.youtube.com\/embed\/MkJkzNDBFLs?feature=oembed\" frameborder=\"0\" allow=\"accelerometer; autoplay; clipboard-write; encrypted-media; gyroscope; picture-in-picture; web-share\" referrerpolicy=\"strict-origin-when-cross-origin\" allowfullscreen><\/iframe>\n<\/div><\/figure>\n\n\n\n<p>Un m\u00e9lange de Yoga et animal flow: <\/p>\n\n\n\n<figure class=\"wp-block-embed is-type-video is-provider-youtube wp-block-embed-youtube wp-embed-aspect-16-9 wp-has-aspect-ratio\"><div class=\"wp-block-embed__wrapper\">\n<iframe loading=\"lazy\" title=\"Animal Moves Flow a Mix of Yoga and Primal Movement\" width=\"500\" height=\"281\" src=\"https:\/\/www.youtube.com\/embed\/dZ1v0eb_Ez4?feature=oembed\" frameborder=\"0\" allow=\"accelerometer; autoplay; clipboard-write; encrypted-media; gyroscope; picture-in-picture; web-share\" referrerpolicy=\"strict-origin-when-cross-origin\" allowfullscreen><\/iframe>\n<\/div><\/figure>\n\n\n\n<p>Pour le Yoga il existe beaucoup de cha\u00eene, cela va varier en fonction de votre niveau de souplesse et de force, du style que vous souhaitez pratiquer ainsi de quelle langue vous parlez. Je vous laisse chercher dans notre merveilleux outil qu&#8217;est YouTube ou de rejoindre un cours avec un professeur qui saura vous accompagner. <\/p>\n\n\n\n<p>Personnellement, j&#8217;affectionne particuli\u00e8rement les cha\u00eenes anglophone de : <\/p>\n\n\n\n<ul class=\"wp-block-list\">\n<li>Charlie Follows <\/li>\n\n\n\n<li>Alexandra Oram<\/li>\n\n\n\n<li>Travis Eliot<\/li>\n<\/ul>\n\n\n\n<p><\/p>\n\n\n\n<ul class=\"wp-block-list\">\n<li>\u00c9chauffement et pratique de Ma Bu : Cavalier (posture de base, fondamentale dans la pratique du Kung Fu)<\/li>\n<\/ul>\n\n\n\n<figure class=\"wp-block-embed is-type-video is-provider-youtube wp-block-embed-youtube wp-embed-aspect-16-9 wp-has-aspect-ratio\"><div class=\"wp-block-embed__wrapper\">\n<iframe loading=\"lazy\" title=\"Complete Horse Stance Training\" width=\"500\" height=\"281\" src=\"https:\/\/www.youtube.com\/embed\/ibIgT3KJyEo?feature=oembed\" frameborder=\"0\" allow=\"accelerometer; autoplay; clipboard-write; encrypted-media; gyroscope; picture-in-picture; web-share\" referrerpolicy=\"strict-origin-when-cross-origin\" allowfullscreen><\/iframe>\n<\/div><\/figure>\n\n\n\n<ul class=\"wp-block-list\">\n<li>Transition explosive entre posture statique Ma Bu et Gongbu : (Kung Fu)<\/li>\n<\/ul>\n\n\n\n<figure class=\"wp-block-embed is-type-video is-provider-youtube wp-block-embed-youtube wp-embed-aspect-16-9 wp-has-aspect-ratio\"><div class=\"wp-block-embed__wrapper\">\n<iframe loading=\"lazy\" title=\"Shaolin Kung-Fu Basis\uff0cShaolin Kung-Fu  MaBu und GongBu Zu Hause Training\" width=\"500\" height=\"281\" src=\"https:\/\/www.youtube.com\/embed\/2aV3Z18l4Jk?feature=oembed\" frameborder=\"0\" allow=\"accelerometer; autoplay; clipboard-write; encrypted-media; gyroscope; picture-in-picture; web-share\" referrerpolicy=\"strict-origin-when-cross-origin\" allowfullscreen><\/iframe>\n<\/div><\/figure>\n\n\n\n<p><\/p>\n","protected":false},"excerpt":{"rendered":"<p>L&#8217;id\u00e9al pour \u00eatre en bonne sant\u00e9, se sentir bien et bien vieillir, c&#8217;est la mobilit\u00e9. La mobilit\u00e9 implique que l&#8217;on puisse bouger sans restriction, en souplesse et en capacit\u00e9 musculaire. Cela va nous permettre de mieux s&#8217;adapter aux tumultes de la vie (Vie s\u00e9dentaire, travail statique ou physique, grossesse et accouchement, accident, maladie d\u00e9g\u00e9n\u00e9rative, vieillisement). [&hellip;]<\/p>\n","protected":false},"author":1,"featured_media":0,"parent":114,"menu_order":3,"comment_status":"closed","ping_status":"closed","template":"","meta":{"footnotes":""},"class_list":["post-304","page","type-page","status-publish","hentry"],"jetpack_sharing_enabled":true,"_links":{"self":[{"href":"https:\/\/almafreymulller-shiatsu.fr\/index.php\/wp-json\/wp\/v2\/pages\/304","targetHints":{"allow":["GET"]}}],"collection":[{"href":"https:\/\/almafreymulller-shiatsu.fr\/index.php\/wp-json\/wp\/v2\/pages"}],"about":[{"href":"https:\/\/almafreymulller-shiatsu.fr\/index.php\/wp-json\/wp\/v2\/types\/page"}],"author":[{"embeddable":true,"href":"https:\/\/almafreymulller-shiatsu.fr\/index.php\/wp-json\/wp\/v2\/users\/1"}],"replies":[{"embeddable":true,"href":"https:\/\/almafreymulller-shiatsu.fr\/index.php\/wp-json\/wp\/v2\/comments?post=304"}],"version-history":[{"count":13,"href":"https:\/\/almafreymulller-shiatsu.fr\/index.php\/wp-json\/wp\/v2\/pages\/304\/revisions"}],"predecessor-version":[{"id":597,"href":"https:\/\/almafreymulller-shiatsu.fr\/index.php\/wp-json\/wp\/v2\/pages\/304\/revisions\/597"}],"up":[{"embeddable":true,"href":"https:\/\/almafreymulller-shiatsu.fr\/index.php\/wp-json\/wp\/v2\/pages\/114"}],"wp:attachment":[{"href":"https:\/\/almafreymulller-shiatsu.fr\/index.php\/wp-json\/wp\/v2\/media?parent=304"}],"curies":[{"name":"wp","href":"https:\/\/api.w.org\/{rel}","templated":true}]}}